{"id":18,"date":"2025-02-16T14:58:28","date_gmt":"2025-02-16T13:58:28","guid":{"rendered":"https:\/\/grandcampmaisytaxi.com\/site\/about\/"},"modified":"2025-04-18T18:31:45","modified_gmt":"2025-04-18T16:31:45","slug":"about","status":"publish","type":"page","link":"https:\/\/grandcampmaisytaxi.com\/site\/about\/","title":{"rendered":"TARIFS"},"content":{"rendered":"\n<p>Nos horaires : ouvert 24 Heures sur 24 et 7 Jours sur 7.<\/p>\n\n\n\n<p>Prix de la course sur la base des tarifs pr\u00e9fectoraux 2025 du d\u00e9partement du Calvados.<\/p>\n\n\n\n<p><strong><u>TARIFS<\/u>&nbsp;:<\/strong><\/p>\n\n\n\n<p><strong><u>Tarifs de jour<\/u>&nbsp;: du lundi au samedi de 07h00 \u00e0 19h00.<\/strong><\/p>\n\n\n\n<p><strong>Tarif A :<\/strong>\u00a0course avec retour en charge au point de d\u00e9part, trajet aller-retour = 1.01\u20ac\/km<\/p>\n\n\n\n<p><strong>Tarif C :<\/strong>\u00a0course avec retour \u00e0 vide au point de d\u00e9part, trajet aller simple = 2.02\u20ac\/km<\/p>\n\n\n\n<p><strong><u>Tarifs de nuit sur 24 h<\/u>&nbsp;: semaine de 19h00 \u00e0 07h00, dimanche et jours f\u00e9ri\u00e9s.<\/strong><\/p>\n\n\n\n<p><strong>Tarif\u00a0B :<\/strong>\u00a0course avec retour en charge au point de d\u00e9part, trajet aller-retour = 1.52\u20ac\/km<\/p>\n\n\n\n<p><strong>Tarif D :<\/strong>\u00a0course avec retour \u00e0 vide au point de d\u00e9part, trajet aller simple = 3.03\u20ac\/km<\/p>\n\n\n\n<ul class=\"wp-block-list\">\n<li>Mise en fonctionnement du compteur dit \u00ab\u00a0TAXIM\u00c8TRE\u00a0\u00bb = 3.30\u20ac<\/li>\n\n\n\n<li>Suppl\u00e9ment au-del\u00e0&nbsp;de 5 passagers = 4.00\u20ac<\/li>\n\n\n\n<li>Suppl\u00e9ment au-del\u00e0&nbsp;du 3\u00e8me bagage par passager : 2.00\u20ac<\/li>\n\n\n\n<li>Si vous faites appel \u00e0 un taxi et que celui-ci doit vous attendre, l&rsquo;heure d&rsquo;attente \u00e0 l&rsquo;arr\u00eat est factur\u00e9e 29.14\u20ac\/heure.<\/li>\n<\/ul>\n","protected":false},"excerpt":{"rendered":"<p>Nos horaires : ouvert 24 Heures sur 24 et 7 Jours sur 7. Prix de la course sur la base des tarifs pr\u00e9fectoraux 2025 du d\u00e9partement du Calvados. TARIFS&nbsp;: Tarifs de jour&nbsp;: du lundi au samedi de 07h00 \u00e0 19h00. Tarif A :\u00a0course avec retour en charge au point de d\u00e9part, trajet aller-retour = 1.01\u20ac\/km [&hellip;]<\/p>\n","protected":false},"author":1,"featured_media":131,"parent":0,"menu_order":0,"comment_status":"closed","ping_status":"closed","template":"","meta":{"footnotes":""},"class_list":["post-18","page","type-page","status-publish","has-post-thumbnail","hentry"],"_links":{"self":[{"href":"https:\/\/grandcampmaisytaxi.com\/site\/wp-json\/wp\/v2\/pages\/18","targetHints":{"allow":["GET"]}}],"collection":[{"href":"https:\/\/grandcampmaisytaxi.com\/site\/wp-json\/wp\/v2\/pages"}],"about":[{"href":"https:\/\/grandcampmaisytaxi.com\/site\/wp-json\/wp\/v2\/types\/page"}],"author":[{"embeddable":true,"href":"https:\/\/grandcampmaisytaxi.com\/site\/wp-json\/wp\/v2\/users\/1"}],"replies":[{"embeddable":true,"href":"https:\/\/grandcampmaisytaxi.com\/site\/wp-json\/wp\/v2\/comments?post=18"}],"version-history":[{"count":3,"href":"https:\/\/grandcampmaisytaxi.com\/site\/wp-json\/wp\/v2\/pages\/18\/revisions"}],"predecessor-version":[{"id":165,"href":"https:\/\/grandcampmaisytaxi.com\/site\/wp-json\/wp\/v2\/pages\/18\/revisions\/165"}],"wp:featuredmedia":[{"embeddable":true,"href":"https:\/\/grandcampmaisytaxi.com\/site\/wp-json\/wp\/v2\/media\/131"}],"wp:attachment":[{"href":"https:\/\/grandcampmaisytaxi.com\/site\/wp-json\/wp\/v2\/media?parent=18"}],"curies":[{"name":"wp","href":"https:\/\/api.w.org\/{rel}","templated":true}]}}